What is the highest common divisor of 968 and 22?
22
Calculate the highest common divisor of 154 and 286.
22
Calculate the greatest common divisor of 47 and 893.
47
What is the highest common factor of 760 and 1720?
40
What is the greatest common divisor of 378 and 154?
14
What is the greatest common factor of 3 and 19?
1
Calculate the highest common divisor of 278 and 973.
139
Calculate the highest common factor of 231 and 3157.
77
Calculate the greatest common divisor of 8 and 128.
8
Calculate the highest common factor of 5697 and 54.
27
What is the greatest common factor of 216 and 360?
72
What is the greatest common divisor of 4371 and 93?
93
Calculate the greatest common divisor of 837 and 31.
31
What is the greatest common divisor of 67 and 1273?
67
What is the highest common factor of 105 and 450?
15
What is the highest common divisor of 10 and 2630?
10
What is the greatest common divisor of 670 and 10?
10
Calculate the greatest common divisor of 19 and 1.
1
What is the greatest common factor of 242 and 33?
11
Calculate the highest common divisor of 16 and 15952.
16
What is the greatest common factor of 1363 and 94?
47
What is the highest common factor of 18 and 18?
18
What is the greatest common divisor of 48 and 174?
6
Calculate the greatest common divisor of 72 and 396.
36
Calculate the greatest common factor of 133 and 14.
7
What is the greatest common factor of 12 and 66?
6
Calculate the greatest common factor of 530 and 250.
10
Calculate the greatest common factor of 117 and 325.
13
Calculate the greatest common divisor of 60 and 13050.
30
What is the highest common factor of 934 and 2?
2
Calculate the greatest common divisor of 2 and 11498.
2
What is the greatest common divisor of 28 and 896?
28
What is the greatest common divisor of 1841 and 42?
7
Calculate the highest common factor of 2429 and 7.
7
What is the highest common factor of 93 and 44547?
93
Calculate the highest common factor of 128 and 512.
128
What is the greatest common divisor of 155 and 215?
5
What is the greatest common divisor of 98 and 4802?
98
What is the highest common factor of 104 and 26?
26
What is the highest common factor of 117 and 52?
13
Calculate the highest common factor of 785 and 471.
157
Calculate the greatest common factor of 8115 and 15.
15
What is the highest common factor of 1300 and 13?
13
Calculate the greatest common factor of 480 and 60.
60
Calculate the highest common factor of 310 and 160.
10
Calculate the highest common factor of 196 and 1260.
28
Calculate the highest common factor of 2223 and 1053.
117
What is the greatest common factor of 22 and 16918?
22
What is the greatest common factor of 95 and 1007?
19
What is the greatest common divisor of 51 and 2176?
17
What is the greatest common divisor of 5 and 5515?
5
Calculate the highest common factor of 98 and 14.
14
Calculate the highest common divisor of 45 and 9.
9
What is the highest common divisor of 4386 and 136?
34
What is the highest common divisor of 3465 and 220?
55
What is the highest common factor of 145 and 4582?
29
What is the highest common factor of 294 and 126?
42
Calculate the greatest common divisor of 2 and 257.
1
What is the greatest common divisor of 406 and 116?
58
What is the highest common divisor of 60 and 100?
20
Calculate the greatest common factor of 12707 and 194.
97
What is the highest common divisor of 99 and 108?
9
Calculate the greatest common factor of 8 and 376.
8
What is the greatest common divisor of 51 and 391?
17
What is the highest common factor of 186048 and 576?
576
Calculate the highest common divisor of 950 and 1150.
50
Calculate the greatest common divisor of 4 and 72.
4
What is the greatest common factor of 432 and 729?
27
Calculate the highest common divisor of 142 and 1775.
71
Calculate the greatest common divisor of 2052 and 54.
54
Calculate the highest common factor of 427 and 14.
7
Calculate the greatest common divisor of 162 and 36.
18
What is the greatest common divisor of 63 and 8064?
63
Calculate the greatest common factor of 106 and 15794.
106
Calculate the highest common divisor of 441 and 9.
9
What is the greatest common factor of 54 and 24?
6
Calculate the greatest common divisor of 749 and 35.
7
What is the highest common factor of 57513 and 57?
57
Calculate the greatest common divisor of 22 and 38434.
22
Calculate the greatest common factor of 36 and 516.
12
What is the highest common divisor of 15 and 1665?
15
Calculate the highest common divisor of 120 and 6360.
120
Calculate the greatest common divisor of 3876 and 2508.
228
Calculate the greatest common divisor of 3707 and 11.
11
What is the highest common divisor of 360 and 6768?
72
What is the greatest common divisor of 108 and 342?
18
Calculate the greatest common divisor of 8 and 6748.
4
Calculate the highest common divisor of 11610 and 5.
5
Calculate the highest common divisor of 164 and 1066.
82
What is the highest common factor of 3606 and 12?
6
Calculate the greatest common divisor of 168 and 378.
42
What is the highest common divisor of 2387 and 248?
31
Calculate the highest common divisor of 954 and 2438.
106
What is the greatest common divisor of 6 and 6?
6
Calculate the greatest common factor of 1390 and 50.
10
Calculate the highest common divisor of 4 and 164.
4
What is the highest common divisor of 1216 and 57?
19
Calculate the highest common factor of 532 and 7.
7
Calculate the greatest common factor of 459 and 54.
27
What is the greatest common divisor of 7 and 3682?
7
Calculate the greatest common factor of 39 and 1079.
13
What is the greatest common divisor of 2233 and 77?
77
Calculate the highest common factor of 35 and 665.
35
Calculate the highest common divisor of 94 and 7050.
94
Calculate the highest common factor of 11 and 14971.
11
What is the highest common divisor of 1855 and 140?
35
What is the highest common divisor of 40 and 140?
20
Calculate the highest common divisor of 93 and 248.
31
Calculate the highest common divisor of 3707 and 22.
11
What is the greatest common factor of 5368 and 427?
61
Calculate the greatest common divisor of 4234 and 58.
58
What is the highest common factor of 624 and 64?
16
Calculate the highest common divisor of 280 and 40.
40
What is the greatest common divisor of 87 and 5133?
87
Calculate the greatest common divisor of 128 and 640.
128
What is the highest common divisor of 352 and 220?
44
Calculate the greatest common factor of 297 and 176.
11
What is the greatest common divisor of 1665 and 135?
45
What is the greatest common divisor of 18423 and 1869?
267
Calculate the highest common divisor of 45628 and 88.
44
Calculate the highest common factor of 2812 and 1332.
148
What is the greatest common factor of 3796 and 39?
13
What is the greatest common divisor of 114 and 126?
6
What is the highest common factor of 400 and 1525?
25
What is the greatest common factor of 108 and 5562?
54
What is the highest common divisor of 228 and 12?
12
Calculate the greatest common divisor of 361 and 931.
19
What is the greatest common factor of 78 and 338?
26
What is the highest common divisor of 152 and 8?
8
Calculate the greatest common divisor of 166 and 4067.
83
Calculate the highest common divisor of 100 and 4850.
50
What is the highest common factor of 731 and 408?
17
Calculate the greatest common factor of 150 and 350.
50
Calculate the greatest common divisor of 143 and 13.
13
What is the greatest common factor of 224 and 490?
14
What is the highest common divisor of 11 and 11?
11
Calculate the greatest common factor of 15 and 195.
15
What is the greatest common divisor of 3717 and 63?
63
Calculate the highest common factor of 42 and 264.
6
Calculate the greatest common factor of 58 and 6.
2
What is the highest common factor of 98 and 1624?
14
What is the highest common factor of 760 and 80?
40
What is the highest common divisor of 72 and 6606?
18
Calculate the highest common divisor of 147 and 196.
49
Calculate the highest common factor of 869 and 11.
11
What is the highest common factor of 1350 and 3456?
54
Calculate the highest common factor of 712 and 979.
89
Calculate the highest common divisor of 288 and 77760.
288
Calculate the highest common divisor of 110 and 1280.
10
What is the greatest common divisor of